et c(o) = o - 1. Let j(k) = w*x(k) - 2*c(k). List the prime factors of j(10).
5
Suppose 48 = -2*g - 2*g. Let r = 8 + g. What are the prime factors of r/14 - (-121)/7?
17
Let g = -13 + 13. Suppose g = -9*s + 4*s + 140. What are the prime factors of 9/(45/(-20)) + s?
2, 3
Suppose -7*z = -10*z. Let s = 0 + 0. Suppose z*j - 2*j + 78 = s. List the prime factors of j.
3, 13
Let p(n) = -n**2 + 3. Let l be p(0). Suppose 0 = -m - l*m. Suppose k - 3 = -m*k. List the prime factors of k.
3
What are the prime factors of ((-6)/8)/((-24)/3616)?
113
Let l(r) = 4*r**2 - 19*r - 27. What are the prime factors of l(-13)?
2, 7
Let j be (277 - (0 + -4 + 2)) + -1. Suppose 4*k = -m + 2*m + 531, -2*m + j = 2*k. List the prime factors of k.
2, 67
Let q = -1826 + 4021. List the prime factors of q.
5, 439
Suppose -f + 90 = i + 2*i, i - 37 = 2*f. List the prime factors of i.
31
Let w be ((-10)/3)/((-12)/18). Suppose 3*z = -f + w, 9 = -3*z + 8*z + f. Suppose 2*o = -3*i + 64, z*o = 3*i + 26 + 38. List the prime factors of o.
2
Let b = 55 + -40. What are the prime factors of 12/(b/9 + -1)?
2, 3
What are the prime factors of ((-11)/(-99)*-3)/((-1)/7305)?
5, 487
Suppose -3*a + 1090 = -q, 647 = 3*a + 2*q - 440. List the prime factors of a.
3, 11
Let p be (-3 - -61) + (-4)/(-2). Suppose -10*k = -71 - 69. Let y = p - k. List the prime factors of y.
2, 23
Suppose -5*x + x + 20 = 0. Suppose -x*s = -y + 8, -3*y + 40 = 2*y - 5*s. Suppose -y = a - 3*a. What are the prime factors of a?
2
List the prime factors of 17 + (-1498)/84 - 7337/(-6).
2, 13, 47
Let z = 165 - 115. Suppose -2*a + 4*r + z = 0, -a = a - 5*r - 52. Let s = a + -6. List the prime factors of s.
3, 5
Let u = -73 - -76. Suppose -4*k + w + 146 = -2*k, k - 80 = -u*w. List the prime factors of k.
2, 37
Let m(o) = 2*o**2 + 5*o + 8. Let y be m(-6). Suppose 4*a + 64 = -2*s, 5*s - a + 55 = -y. List the prime factors of (-4)/s - (-4005)/55.
73
What are the prime factors of (-1860)/380 - -5 - 51410/(-38)?
3, 11, 41
Let q = 641 + -282. Let k = 17 + -12. Suppose -j - 229 = -3*x, k*x = -j + q + 12. What are the prime factors of x?
3, 5
Suppose 5*t - n + 0 = -6, -12 = 3*n. List the prime factors of t/(-3)*6*10.
2, 5
Suppose 2*c = -0*c + 5*q + 1274, 4*c - 4*q = 2524. What are the prime factors of c?
3, 11, 19
Let v be 2/(1/(624/(-15)))*5. Let r = v - -589. What are the prime factors of r?
173
Suppose 4*u - 5*h = 25, -4*u + 2*h = 4*h - 46. Let r be 5/u + 7/2. Suppose r*y - 8*y = -176. List the prime factors of y.
2, 11
Suppose 753 = 4*j + 5*y - 1358, -y - 2675 = -5*j. List the prime factors of j.
2, 3, 89
Suppose -3*c + c + 7 = 3*k, 5 = 2*c + k. Let y = 58 + -39. Suppose -3*d = -4*b - y, c*d + 0*b + 2*b - 8 = 0. What are the prime factors of d?
5
Suppose 28*t - 3872 = 12*t. List the prime factors of t.
2, 11
Suppose 5822 - 230 = -6*t. Let r = -648 - t. List the prime factors of r.
2, 71
Let q = -1449 - -2329. What are the prime factors of q?
2, 5, 11
Suppose -4*v + 3*g = -6725, -14*v + 3*g = -16*v + 3367. What are the prime factors of v?
2, 29
Let a(q) = -2*q**3 - 4*q**2 + q + 2. Let l be a(-3). Let h = 37 - l. Suppose -h*c = -25*c + 130. List the prime factors of c.
2, 13
Suppose -43 = -4*c + 3*s, -2*c + s - 6 = 5*s. Let o(h) be the third derivative of h**5/60 - h**4/8 + h**3/3 + 16*h**2. What are the prime factors of o(c)?
2, 3, 5
Let y = -87 + 52. What are the prime factors of 300/y*35/(-1)?
2, 3, 5
Let o(s) = s**3 - 4*s**2 + 3*s - 4. Let x = 28 + -27. Let f be -3 - x - -10 - 1. List the prime factors of o(f).
2, 3
Let z = 1057 - 540. List the prime factors of z.
11, 47
Let s(w) = 26*w + 120. List the prime factors of s(12).
2, 3
Suppose 0 = 5*c + q + 3, 2*c - q - 3 = -0*c. Suppose 3*z + z = c. Suppose -70 = -t + v, z = 3*t + 3*v - 117 - 69. What are the prime factors of t?
2, 3, 11
Suppose 0*g = -4*g + 20, -5*b + 2*g + 925 = 0. List the prime factors of b.
11, 17
Suppose -2*t + 3*s = 2*t - 15, 5*s + 8 = t. Suppose -3 = -t*x + 27. Let l = 3 + x. What are the prime factors of l?
13
Suppose 6*m + 24 = 3*m. Let z = 12 + m. Suppose z*g - 13 = -5, 3*k - 3*g = 87. What are the prime factors of k?
31
Let l = -24 - -22. Let g(n) = -n**3 - n**2 + 3*n - 1. Let c be g(l). List the prime factors of c*(-1 - -2) - -27.
2, 3
Suppose 0 = c + 4*c - 25. Let p(d) = d - 3. Let w be p(c). Suppose 0*h = w*h - 16. What are the prime factors of h?
2
Suppose -3*b = -5*z + 13488, -3*z - 4*b + 8092 = -6*b. List the prime factors of z.
2, 3, 5
Let z(a) = -a**2 - a - 1 + 5*a**2 - 3*a**2. Suppose 0 = 16*u - 13 + 125. List the prime factors of z(u).
5, 11
Suppose -1612*l + 1609*l + 681 = 0. What are the prime factors of l?
227
Suppose -5*r + 55 = -225. Let h be 10632/(-312) - (-1)/13. Let x = h + r. List the prime factors of x.
2, 11
Suppose 8*q - 269 = -77. What are the prime factors of (q/(-15))/(3/(-120))?
2
What are the prime factors of (-2)/9 + (10644/27 - 0)?
2, 197
Let u(x) = -2*x**2 + 56*x - 2. What are the prime factors of u(13)?
2, 97
Let q = -11 - -31. Suppose 5*f - q = -0. List the prime factors of f.
2
Let s(i) = i**3 - 5*i**2 + 22*i + 12. What are the prime factors of s(7)?
2, 3, 11
Suppose -2*v - k = -0*k - 243, 3*v = -4*k + 357. What are the prime factors of v?
3, 41
Let k(p) = -p**3 + 9*p**2 + 15*p + 7. What are the prime factors of k(-2)?
3, 7
Let v(u) = u**2 - 10*u - 18. Let a(t) = 4*t**2 - 4. Let o be a(2). List the prime factors of v(o).
2, 3
Let j = 258 + -54. List the prime factors of (3/2 + -1)*j.
2, 3, 17
Suppose 28 = -17*z + 19*z. Suppose -2 - 3 = 5*w - 4*m, 2*m = 2*w + 2. List the prime factors of z + 1 + 4/w.
11
Suppose -9*m + 6*m = -81. Let x = m + 15. Suppose 3*q + 5*w - x = 0, -4*w + 39 = 2*q + q. List the prime factors of q.
3
Suppose -7*k + 2*k = -5*i + 3280, -5*i + k = -3288. Suppose 2*z = 2*f - 0*f - i, -2*z = f - 314. What are the prime factors of f?
2, 3
Suppose -2*s = -5*s - 108. Let z = s - -81. Suppose i + 4*i - z = 0. What are the prime factors of i?
3
Let w(s) = -7*s + 21. Let f = 8 - 15. What are the prime factors of w(f)?
2, 5, 7
Let g(w) = -47*w. Suppose 4*k = 3*f + 6, -4*f - 2*k - 2 - 6 = 0. Let h be g(f). Suppose -5*v + 41 = -h. What are the prime factors of v?
3
Suppose 2*n + 0*n + 26 = -4*r, -5*n = 4*r + 65. Let w = n + 13. Suppose -2*s + s + g + 16 = w, 32 = 4*s + 4*g. List the prime factors of s.
2, 3
Suppose 6*w - w + 3*k - 135 = 0, k = 0. Suppose -4*y + 22 = n, -y + 6*y + n - w = 0. Suppose u - 151 = -y*j, 2*j - 3*u + 93 = 5*j. List the prime factors of j.
2, 3, 5
Suppose -4*a + 0*a + 20 = 0, 15 = 4*c + 3*a. Suppose 2*m - 51 = 5*y, 3*m + c*m = -5*y + 14. What are the prime factors of m?
13
Let j(i) be the first derivative of i**5/60 - 3*i**4/8 - 4*i**3/3 + 2*i**2 + 6. Let m(a) be the second derivative of j(a). What are the prime factors of m(12)?
2, 7
Suppose 4411 = 5*r + 5*j - 6419, -r + 5*j + 2136 = 0. What are the prime factors of r?
2161
Suppose -2311 = -5*r + 3079. List the prime factors of r.
2, 7, 11
Let f = 109 + -107. Suppose 2*k + f*k = -4*d + 712, -3*k - 12 = 0. What are the prime factors of d?
2, 7, 13
Suppose -14*z + 16929 = -9041. What are the prime factors of z?
5, 7, 53
Suppose -4*h - 21 = h + 2*v, h + 9 = -2*v. Let u(r) = 3*r**2 + 3*r - 3. Let a be u(h). Suppose -a*x = -10*x - 145. List the prime factors of x.
29
Suppose -3*q + 9*w + 1518 = 5*w, 0 = 4*q + w - 2043. What are the prime factors of q?
2, 3, 5, 17
Let a(n) = -8*n**3 + 4*n**2 + 7*n + 2. Let o(s) = 17*s**3 - 7*s**2 - 13*s - 3. Let r(x) = 11*a(x) + 6*o(x). What are the prime factors of r(2)?
2, 61
Let q(j) = 120*j**2 - 8*j - 13. Let b be q(-2). What are the prime factors of ((-48)/28)/((-6)/b)?
2, 3, 23
Let v(y) = -1 - 148*y - y**2 - y**3 + 133*y - 6*y**2. List the prime factors of v(-6).
53
Suppose 25 = -3*l + 40. Suppose 315 = 5*z + 5*v, 4*v = -0*z - l*z + 319. What are the prime factors of z?
67
Suppose -58*d - 465 = -63*d. What are the prime factors of d?
3, 31
Let p = -3 + 3. Let y = 9 + 5. Let x = p + y. List the prime factors of x.
2, 7
Suppose -i = -3*t - 2424, i + t + 644 = 3068. What are the prime factors of i?
2, 3, 101
Let l(s) = -8*s - 5 + 3*s + 17*s. Let j be l(2). Let b = j + 7. What are the prime factors of b?
2, 13
Let g(j) = 268*j**2 + 2*j + 1. Let z be g(-1). Let s = z - 166. What are the prime factors of s?
101
